{"id":201,"date":"2018-04-01T17:55:41","date_gmt":"2018-04-01T15:55:41","guid":{"rendered":"http:\/\/neu.hildalbert.de\/?page_id=201"},"modified":"2018-09-12T09:36:38","modified_gmt":"2018-09-12T07:36:38","slug":"was-kann-man-wo-in-norden-finden","status":"publish","type":"page","link":"https:\/\/www.hildalbert.de\/?page_id=201","title":{"rendered":"Was gibt es zu entdecken in Ostfriesland?"},"content":{"rendered":"<p>Auf der folgenden Karte einige Tipps von uns. Wir haben jeden einzel genannten Punkt selbst besucht und geben hier lediglich unsere pers\u00f6nliche Empfehlung weiter.<br \/>\n<a href=\"..\/?page_id=152\">Sollten Sie gute Tipps f\u00fcr uns haben, lassen Sie uns diese wissen<\/a>. Wir kennen garantiert nicht jeden interessanten Punkt in Ostfriesland \ud83d\ude42<\/p>\n<p>Einfach auf ein entsprechende Symbol auf der Karte klicken und Sie bekommen direkt weitere Details aus Google Maps sowie die M\u00f6glichkeit der Navigation zum gew\u00fcnschten Ort angeboten.<\/p>\n<p>&#8230; und jetzt viel Spa\u00df beim Entdecken<\/p>\n<p><iframe loading=\"lazy\" src=\"https:\/\/www.google.com\/maps\/d\/embed?mid=1Zmlyxy8jjePQJPbvL_4nbJ-nNXghVHEW\" width=\"100%\" height=\"600\"><span data-mce-type=\"bookmark\" style=\"display: inline-block; width: 0px; overflow: hidden; line-height: 0;\" class=\"mce_SELRES_start\">\ufeff<\/span><\/iframe><\/p>\n<p>Die Orte sind aufgeteilt in mehrere Kategorien. Aufgeteilt in Farben und unterschiedliche Symbole:<\/p>\n<ul>\n<li><span style=\"color: #000000;\">Restaurants, Caf\u00e8s, B\u00e4ckereien, Teestuben, Bars, etc.\u00a0&#8211;\u00a0<\/span> <span style=\"color: #1689ce;\"><strong>BLAU<\/strong><\/span><\/li>\n<li>Gesch\u00e4fte, Superm\u00e4rkte, Getr\u00e4nkemarkt &#8211; <span style=\"color: #333399;\"><strong>LILA<\/strong><\/span><\/li>\n<li>Entdecken, Aktivit\u00e4ten, Unternehmungen &#8211;\u00a0<span style=\"color: #1d9c5a;\"><strong>GR\u00dcN <span style=\"color: #000000;\">&amp;<\/span><\/strong><\/span> <span style=\"color: #fc5457;\"><strong>ROT<\/strong><\/span><\/li>\n<li>Wichtige Lokationen wie Krankenhaus, Polizei, etc. &#8211; <span style=\"color: #fcd253;\"><strong>GELB-ORANGE<\/strong><\/span><\/li>\n<\/ul>\n","protected":false},"excerpt":{"rendered":"<p>Auf der folgenden Karte einige Tipps von uns. Wir haben jeden einzel genannten Punkt selbst besucht und geben hier lediglich unsere pers\u00f6nliche Empfehlung weiter. Sollten Sie gute Tipps f\u00fcr uns haben, lassen Sie uns diese wissen. Wir kennen garantiert nicht jeden interessanten Punkt in Ostfriesland \ud83d\ude42 Einfach auf ein entsprechende Symbol auf der Karte klicken [&hellip;]<\/p>\n","protected":false},"author":2,"featured_media":0,"parent":144,"menu_order":0,"comment_status":"closed","ping_status":"closed","template":"page-templates\/full-width.php","meta":{"_crdt_document":"","pgc_sgb_lightbox_settings":"","footnotes":""},"class_list":["post-201","page","type-page","status-publish","hentry"],"_links":{"self":[{"href":"https:\/\/www.hildalbert.de\/index.php?rest_route=\/wp\/v2\/pages\/201","targetHints":{"allow":["GET"]}}],"collection":[{"href":"https:\/\/www.hildalbert.de\/index.php?rest_route=\/wp\/v2\/pages"}],"about":[{"href":"https:\/\/www.hildalbert.de\/index.php?rest_route=\/wp\/v2\/types\/page"}],"author":[{"embeddable":true,"href":"https:\/\/www.hildalbert.de\/index.php?rest_route=\/wp\/v2\/users\/2"}],"replies":[{"embeddable":true,"href":"https:\/\/www.hildalbert.de\/index.php?rest_route=%2Fwp%2Fv2%2Fcomments&post=201"}],"version-history":[{"count":12,"href":"https:\/\/www.hildalbert.de\/index.php?rest_route=\/wp\/v2\/pages\/201\/revisions"}],"predecessor-version":[{"id":372,"href":"https:\/\/www.hildalbert.de\/index.php?rest_route=\/wp\/v2\/pages\/201\/revisions\/372"}],"up":[{"embeddable":true,"href":"https:\/\/www.hildalbert.de\/index.php?rest_route=\/wp\/v2\/pages\/144"}],"wp:attachment":[{"href":"https:\/\/www.hildalbert.de\/index.php?rest_route=%2Fwp%2Fv2%2Fmedia&parent=201"}],"curies":[{"name":"wp","href":"https:\/\/api.w.org\/{rel}","templated":true}]}}